, what is 212110 + -20?
212030
In base 14, what is -21 + -19?
-3a
In base 4, what is 10111 + -12?
10033
In base 10, what is -178 + -1?
-179
In base 13, what is 17b3 - -9?
17bc
In base 2, what is 11 - -111000110?
111001001
In base 8, what is 5 + -277?
-272
In base 10, what is 1 - 244?
-243
In base 12, what is -5 - -284?
27b
In base 16, what is 6 - a?
-4
In base 12, what is 16 + -4?
12
In base 11, what is -3 + -14?
-17
In base 6, what is -40 + 1?
-35
In base 11, what is -42 + -5?
-47
In base 10, what is -1 + -32?
-33
In base 16, what is -3 - -9?
6
In base 13, what is -39 + -8?
-44
In base 7, what is -2 - -634?
632
In base 12, what is 82 + -2?
80
In base 2, what is 110000111110 + -11?
110000111011
In base 10, what is -2 + -119?
-121
In base 2, what is 0 + 100010?
100010
In base 5, what is -202113 + -3?
-202121
In base 2, what is -1011 - 11110001000?
-11110010011
In base 16, what is e6 - f?
d7
In base 4, what is -2331030 - -3?
-2331021
In base 3, what is 1211 - 1020?
121
In base 15, what is -49 + 1?
-48
In base 6, what is 213 + 1?
214
In base 5, what is 1 - 1104?
-1103
In base 14, what is 1 - 86?
-85
In base 6, what is -5 + 1313?
1304
In base 14, what is -d + -41?
-50
In base 15, what is 5 - 170?
-16a
In base 12, what is -15bb + -4?
-1603
In base 11, what is -1 - 682?
-683
In base 5, what is -102 + 4444?
4342
In base 5, what is 14 - -42?
111
In base 9, what is -33 + -1?
-34
In base 5, what is 120314 + -3?
120311
In base 5, what is -333 + -1?
-334
In base 14, what is 5a8 - 18?
590
In base 6, what is -200 - 20?
-220
In base 2, what is -1011111000 - -101?
-1011110011
In base 9, what is -718 - 3?
-722
In base 2, what is 110001011 - 100010?
101101001
In base 9, what is 6 + -25?
-18
In base 10, what is -10 - -119?
109
In base 9, what is 144 + 5?
150
In base 4, what is 232 + -2?
230
In base 14, what is -2 + 2cb?
2c9
In base 4, what is 333 - -2?
1001
In base 9, what is -10 - -346?
336
In base 2, what is 10 + -111110?
-111100
In base 6, what is 1215 - -1?
1220
In base 10, what is 3 + -11?
-8
In base 11, what is 633 - -13?
646
In base 12, what is -467 - 3?
-46a
In base 5, what is 11 - -101?
112
In base 11, what is -43057 + 0?
-43057
In base 16, what is -3 + 70c?
709
In base 2, what is 111000110 - -11?
111001001
In base 12, what is 64 + 34?
98
In base 14, what is 4138 - 0?
4138
In base 11, what is -19321 - 0?
-19321
In base 11, what is 66 - a?
57
In base 15, what is d - -8a?
98
In base 6, what is -214020 + -4?
-214024
In base 2, what is 10 + 10001011?
10001101
In base 11, what is 124 + 3?
127
In base 16, what is 5 + -30?
-2b
In base 4, what is 10 - -3023?
3033
In base 4, what is -1002 - -10?
-332
In base 5, what is 1 - 10143?
-10142
In base 14, what is -14 + -30?
-44
In base 4, what is 30 + -3232?
-3202
In base 13, what is 1 + 9?
a
In base 9, what is 6184 + 0?
6184
In base 16, what is -2f0 - 3?
-2f3
In base 12, what is -9 + -8?
-15
In base 16, what is -4 - -50?
4c
In base 13, what is 4539 - 2?
4537
In base 11, what is -5 - 943?
-948
In base 4, what is 30320 + -10?
30310
In base 8, what is 3671 + -2?
3667
In base 12, what is -9 - 68?
-75
In base 4, what is -3 - 113?
-122
In base 10, what is 3 + 616?
619
In base 2, what is -10 + 10011110?
10011100
In base 14, what is 1ad + 42?
211
In base 9, what is -1 + 3000?
2888
In base 7, what is 4 - -12?
16
In base 6, what is -13 + 14?
1
In base 4, what is 1010 - 10?
1000
In base 4, what is 11 - 31?
-20
In base 13, what is -170 + -39?
-1a9
In base 7, what is 3 - -621?
624
In base 5, what is -2 - 232?
-234
In base 12, what is 64 - 4?
60
In base 10, what is -58 + -35?
-93
In base 6, what is -114 + 22?
-52
In base 10, what is -9726 - -4?
-9722
In base 7, what is -105221 - 0?
-105221
In base 8, what is 10 + 13?
23
In base 12, what is -1b9 - 3?
-200
In base 9, what is 10 + -11?
-1
In base 15, what is 871 - 2?
86e
In base 4, what is -2211 - -1?
-2210
In base 5, what is -1 + 210?
204
In base 3, what is 10211 + -11?
10200
In base 6, what is 335 + 5?
344
In base 2, what is -11010000 + -101?
-11010101
In base 5, what is 4 + -22?
-13
In base 10, what is 372 - 34?
338
In base 7, what is 55502 + 1?
55503
In base 14, what is -13b - -2?
-139
In base 11, what is -953 - 0?
-953
In base 14, what is 5 + -243d?
-2438
In base 15, what is 222 + -7?
21a
In base 11, what is -328 + a?
-319
In base 2, what is -11 - -101010010?
101001111
In base 6, what is 10 + -10503?
-10453
In base 11, what is -1683 - -5?
-1679
In base 15, what is -2 - -146?
144
In base 11, what is 926 - 0?
926
In base 11, what is -41 - -19?
-23
In base 5, what is 3 - -20141?
20144
In base 15, what is 0 + -29?
-29
In base 3, what is -111122100 + 0?
-111122100
In base 9, what is 15 - -528?
544
In base 3, what is -12 - -12202?
12120
In base 7, what is -5 + -2642?
-2650
In base 14, what is c - -5a?
68
In base 4, what is 112201 + -10?
112131
In base 3, what is 101 + -1012?
-211
In base 9, what is 0 - -112?
112
In base 7, what is -613 - -13?
-600
In base 11, what is -74 + -17?
-90
In base 14, what is b + -7b1?
-7a4
In base 12, what is 25 - 5?
20
In base 7, what is 231 + 6?
240
In base 6, what is -5 + -125?
-134
In base 4, what is 1030 - 0?
1030
In base 5, what is 2411 + -2?
2404
In base 15, what is 0 - -ec?
ec
In base 13, what is -1 + 30c?
30b
In base 15, what is -1641 - 5?
-1646
In base 11, what is -4 - -83?
7a
In base 11, what is -19 - -48?
2a
In base 10, what is -24 - -211?
187
In base 8, what is 2 - -15525?
15527
In base 11, what is -6 - 2984?
-298a
In base 8, what is -31 + -2?
-33
In base 15, what is 3d - 3?
3a
In base 8, what is -114 + -3?
-117
In base 3, what is 1121 + 222?
2120
In base 4, what is 3 - 313?
-310
In base 2, what is 11010100 - -1111?
11100011
In base 5, what is 11 - -121403?
121414
In base 9, what is -101 + 23?
-67
In base 16, what is -39fb + 5?
-39f6
In base 14, what is -2 + -24?
-26
In base 15, what is 40 + 1?
41
In base 13, what is -10 + 4?
-9
In base 14, what is -13c5 - -3?
-13c2
In base 3, what is -100 - 200?
-1000
In base 10, what is -2024 + 4?
-2020
In base 15, what is 47 + 15?
5c
In base 15, what is d08 + 3?
d0b
In base 9, what is -18 - 18?
-37
In base 6, what is 121401 + -1?
121400
In base 8, what is -3 + 6?
3
In base 4, what is -1 + 210021?
210020
In base 9, what is 374 - 1?
373
In base 4, what is 3 + -1112?
-1103
In base 14, what is -5 - a4?
-a9
In base 8, what is -6 + 156?
150
In base 8, what is -1006 - 2?
-1010
In base 13, what is -3120 + -3?
-3123
In base 9, what is -11 + 312?
301
In base 2, what is 1 - 1100011111?
-1100011110
In base 4, what is -22 - -201?
113
In base 15, what is 7 - 590?
-588
In base 10, what is 12 - 70?
-58
In base 9, what is -5417 + -3?
-5421
In base 2, what is 10110101000 + 0?
10110101000
In base 16, what is -10be + 4?
-10ba
In base 14, what is 131 + 1a?
14b
In base 16, what is 7 + 4?
b
In base 4, what is 10310 + 3?
10313
In base 16, what is 0 - 54?
-54
In base 8, what is 160 + 3?
163
In base 6, what is -21 - 12?
-33
In base 7, what is -2 + 4?
2
In base 9, what is 3 + -86?
-83
In base 10, what is -2 + 5?
3
In base 12, what is 2 + 66?
68
In base 14, what is 223 - 0?
223
In base 6, what is 252 + -24?
224
In base 6, what is -50121 - 2?
-50123
In base 4, what is -3320 + -2?
-3322
In base 14, what is 2 - -4d4?
4d6
In base 7, what is -133 + 565?
432
In base 3, what is 20 + 11202210?
11210000
In base 6, what is 3534 + -3?
3531
In base 7, what is -152 - 16?
-201
In base 16, what is 1e - ae?
-90
In base 2, what is 10 - -11001000000?
11001000010
In base 5, what is -3 - -1234?
1231
In base 15, what is -1ad4 - 0?
-1ad4
In base 6, what is 5030 + 4?
5034
In base 10, what is -5244 - -6?
-5238
In base 10, what is 425 + 2?
427
In base 11, what is 32a5 + 5?
32aa
In base 6, what is -11 + -5502?
-5513
In base 12, what is -41 + -2?
-43
In base 7, what is -163 + 0?
-163
In base 3, what is 2210 + 2?
2212
In base 5, what is 0 - -432?
432
In base 15, what is -2 + -2?
-4
In base 13, what is -5 - 94?
-99
In base 4, what is 11 - 30103?
-30032
In base 7, what is 24 - -1?
25
In base 6, what is 142 + 2?
144
In base 7, what is 2435 - 4?
2431
In base 8, what is -5 + 75?
70
In base 2, what is -1100110001101 + -100?
-1100110010001
In base 16, what is -d + 1f?
12
In base 4, what is -331 + -3?
-1000
In base 12, what is 52 + 16?
68
In base 4, what is -3 - -2000